d derivative of j**6/240 - j**5/120 - j**4/12 - j. Let i(p) be the third derivative of b(p). Determine i(-2).
-7
Let b(n) be the second derivative of -5*n**3/6 + n**2/2 - 7*n. What is b(1)?
-4
Let j be (-1)/(-1)*(-1 - -1). Let f(g) = -2 + 1 + g - 5 - 1. Determine f(j).
-7
Let p(o) = o**2 + 2*o - 5. Suppose -37*t - 12 = -34*t. Calculate p(t).
3
Suppose l - 2 = 2*l. Let k = l + 1. Let r(d) = 3*d - 1. Let z(p) = -p. Let u(h) = -r(h) + 3*z(h). What is u(k)?
7
Let o(w) be the second derivative of w**4/12 - w**3/3 + 3*w**2/2 + 2*w. Suppose -5 = 4*j - 13. Suppose -j*r + 1 = -5. Determine o(r).
6
Suppose 0 = -3*l - 5*k - 1, 2*l - 3*k + 7 + 0 = 0. Let a(g) = -2*g. Let j be a(l). Let x(m) = -3*m**2 + j*m**2 - 6*m + 1 + m**2. What is x(4)?
9
Let z(n) = 3*n + 9. Let g(i) = -i + 1. Let c(m) = 2*g(m) + z(m). Let u be c(-7). Let h(t) = -t**2 + t + 3. Calculate h(u).
-9
Let n(s) = -5*s**2 - 2*s - 1. Let d be 1/3 + 55/15. Suppose d*a + 3*q - 2 = 0, 0 = -4*a + 2*q - 10 + 2. Calculate n(a).
-4
Let x = -1 - 3. Let c be (-1)/2 + (-1)/(-2). Let y(i) = 1 + 3*i - 4*i + 0*i + c. Determine y(x).
5
Let k(o) = -2*o + 6. Let b = 15 - 5. Suppose -i + b = i. Give k(i).
-4
Suppose -6*d - v = -2*d - 3, -3*v - 25 = -5*d. Let u(g) = -5*g + 3*g**2 - g**2 - 7 - d*g**2 + g**2. What is u(6)?
-1
Let v = 2 - -9. Let w be 0 - (-4 + -3 + 1). Let x = w - v. Let n(q) = q**2 + 5*q - 5. Calculate n(x).
-5
Let b(t) = 2*t - 12. Let l be b(14). Let u = -16 + l. Let p(r) = r**2 + r + 7. Determine p(u).
7
Let k(g) = -g**2 + 11*g - 13. Let u be k(9). Let t(o) = -1 - 2 - o + u - 4. Calculate t(-2).
0
Let g(s) = s + 4. Suppose 0 = 4*w - f - 0*f, -16 = -4*f. Let y = -5 + w. Give g(y).
0
Suppose -5*w + i - 20 = 0, 0 = 2*w - 2*i - i + 21. Let k(s) = 21*s**2 + 4 - 5 + 21*s**2 - 43*s**2. What is k(w)?
-10
Let c = -19 - -20. Let j(z) = -11*z**3 + z**2 - z + 1. Determine j(c).
-10
Let s(b) = 9*b - 4. Let i(l) = -l**2 - 2*l + 1. Let g(t) = -4*i(t) - s(t). Give g(-1).
5
Suppose 0*j - j = -s - 2, 2*s = -5*j + 31. Let o(v) = -2*v + 3. Determine o(j).
-7
Let r be (-6)/4*8/12. Let t(b) = -4*b**2 + b + 1. Let h be t(r). Let n(o) = 4*o - 4 - o**3 - 3*o**2 - 2*o + 0*o**2. Give n(h).
4
Let n(d) = d**2 + 7*d + 7. Let z = -18 - -12. What is n(z)?
1
Let p be (-1 - 1)*3/6. Let f(s) be the third derivative of -s**6/180 + s**3/6 + s**2. Let m(a) be the first derivative of f(a). Determine m(p).
-2
Let v(s) = -s**3 - 4*s**2 + 5*s + 4. Let j(r) = -r**3 + 23*r**2 + 24*r - 5. Let g be j(24). What is v(g)?
4
Suppose i + 2*n + 4 = 0, 4*i - 7 = 3*n + 10. Let f(g) = -5 + 3*g + i + 2. Let a be ((-1 - 1) + 1)*-2. Calculate f(a).
5
Let t = 4 - 2. Suppose -b = t*b. Let l be (b - 0) + 2/(-1). Let w(d) = -d**3 - 2*d**2 - d - 2. Determine w(l).
0
Let d(a) = a**2 + a + 7. Let w be ((-3)/4)/((-6)/(-24)). Suppose 0 = 4*j - 3*r - 15, 5*r + 0 = -5*j + 10. Let f = w + j. Calculate d(f).
7
Suppose r + 1 = 0, -5*b - 3*r = -4*r - 16. Let n(c) = 2*c + 1. Let q be n(1). Let o(j) = 2 + j**2 - 5*j**q + 4*j**3 + j**2 + 3*j. What is o(b)?
2
Let c(b) = b**3 + 5*b**2 + 3*b + 1. Suppose -j + 5*j - 20 = 0. Suppose 0 = -2*a + 8, 5*w + 3 + 37 = j*a. Determine c(w).
5
Let w(q) = 3*q**3 - 4*q**2 - 2*q. Let b(d) = -13*d**3 + 16*d**2 + 9*d - 1. Let y(l) = 2*b(l) + 9*w(l). Calculate y(4).
-2
Suppose 4*j = s + 9, 3*j - 5*s - 11 = -0*j. Let z(n) = 2*n**3 + 1 + 2*n**j + n - 3 + 4. Let c be (-44)/33 - (-2 + 8/3). Give z(c).
-8
Suppose -4 = -d + 5*d. Let m(c) be the first derivative of c**4 - c**3/3 - c**2/2 - c + 2. Calculate m(d).
-5
Let w(i) = -i - 14 + i**2 + 6 + 7. What is w(-1)?
1
Let t(i) be the first derivative of -5*i**4/12 - i + 4. Let l(n) be the first derivative of t(n). What is l(-1)?
-5
Let k(m) = -165*m + 78*m + 2*m**3 + 86*m. Suppose -3*a - a = 4. Calculate k(a).
-1
Let z(i) = 4*i**3 - i**2. Let q be z(1). Let k be q/2*-2 + 2. Let w(y) = 10*y - 1. Let t(d) = 8*d - 1. Let v(o) = -6*t(o) + 5*w(o). Determine v(k).
-1
Let i(d) = 7*d**2 + 2*d - 12*d - d**3 + 8 + 3*d**2. Let s be i(9). Let m(h) = -4*h + 2*h + h. Determine m(s).
1
Let h(d) = 2*d - 1 - 3*d - 3*d - 2*d**2. Let a be ((-17)/((-510)/(-36)))/(2/5). Calculate h(a).
-7
Let z(x) = x**2 - 4*x - 5. Suppose 3*a = 6*a - 45. Suppose 4*q = -4, 0*w - 5*q = -2*w + a. Calculate z(w).
0
Suppose -37*u - 35 = -146. Let o(b) = -b - 4. Let i(f) = -f - 4. Let x(y) = 2*i(y) - 3*o(y). What is x(u)?
7
Let y(n) = -51*n**2 + 3*n + n + 50*n**2. Let p be (-1)/4 - 42/(-8). Suppose 4*x - p - 3 = 0. Give y(x).
4
Suppose 3*q = 4*q - 5. Let h(p) = -p**3 + 6*p**2 - 3*p - 1. Calculate h(q).
9
Let t be (-1 + 0)*17/17. Let f(u) = 17*u**2 - u - 1. Give f(t).
17
Let t be (2 + -5 - -2 - 1) + -2. Let u(n) = -n**2 - 2*n + 3. What is u(t)?
-5
Let j(r) = 3*r**2 - 3*r + 2. Suppose -2 = 3*a - 8. What is j(a)?
8
Let x(h) be the second derivative of h**5/20 + h**4/6 - h**3/3 - 2*h**2 + h. Let l be -1 - (0 + 2) - (12 - 12). Determine x(l).
-7
Let i = 1 - 1. Let t(l) = 3*l**3 + i*l**3 - l**3 + 1. Let q = 13 - 12. What is t(q)?
3
Let m = -5 + 11. Let w(i) = 6*i**2 - 2*i + 1 - 5*i**2 + m*i**2. Give w(1).
6
Let t(h) = 5*h**3 + 2*h + 3*h**2 + 4*h**3 + 0*h**2 + 4 - 8*h**3. Suppose 9 + 1 = 5*a. Suppose 2*p + 4 = -a. Give t(p).
-2
Let v(g) = -3 - 8 - 4*g + 10. Determine v(-1).
3
Let w(z) be the third derivative of -2/3*z**3 + 5/24*z**4 + 0 + 1/60*z**5 + 4*z**2 + 0*z. Determine w(-5).
-4
Suppose 0 = 3*v + a + 17, -5*a = 4*v - 0*a + 19. Let t(x) = -x - 13. Give t(v).
-7
Let b(g) = g**2 - 4*g - 3. Suppose 0 = 5*s + 37 - 7. Suppose -4*p - 18 = -2*u, 8*u - 4*u - 18 = 2*p. Let x be 8/p*s/4. Give b(x).
-3
Let j(y) be the second derivative of y**5/20 + 2*y**4/3 + 7*y**3/6 + 3*y**2 + 4*y. Give j(-7).
6
Let l(j) be the first derivative of 3*j - 3. Let r(z) = z**2 - z + 4. Let w(g) = -3*l(g) + 2*r(g). Calculate w(-2).
11
Let x(y) = y**3 + y**2 + 2*y + 1. Let v(a) = 2*a**3 + 2*a**2 + 4*a + 2. Let m(q) = -6*v(q) + 11*x(q). What is m(-1)?
1
Let r(j) = -2*j**3 + 6*j**2 - 4*j - 6. Let l(a) = 3*a**3 - 12*a**2 + 9*a + 13. Let k(o) = -3*l(o) - 5*r(o). Calculate k(-7).
-9
Let p be (-30)/(-165) - (-24)/(-11). Let t be 2 - (-1 + p - -7). Let f(c) = -3*c**2 + 1. Calculate f(t).
-11
Let s = -24 - -17. Let l(x) = -2*x - 3. Calculate l(s).
11
Let l be 19 - 1/(4/12). Suppose 4*s - l = -3*g, -2*g - s - 3 = -3*g. Let m(r) = 2*r**2 - 6*r + 4. Calculate m(g).
12
Let a(o) = o - 3*o - 5 + 3*o. Calculate a(-4).
-9
Suppose -2*r + 12 = -2*q, 3*r = -q + r + 9. Let v(d) = 4*d - 1. Determine v(q).
-5
Let b(q) = -2*q**3 + 14*q + 0*q**3 + 9 + 3*q**3 - 15*q. Determine b(0).
9
Let h(k) = k**3 + 5*k**2 - 6*k - 3. Suppose 4*t + 12 = 3*r, -t + 4*r - 8 = 3*t. Determine h(t).
-3
Let a(k) = 7 + 5*k**2 - 4*k**2 + 2*k + 6*k. Let c be a(-7). Suppose 2*w = -c*w - 8. Let b(v) = -v**2 - v + 3. What is b(w)?
-9
Let s(j) = -j**3 + j + 3. Let i(v) = v**2 + 6*v - 4. Let w be i(-7). Give s(w).
-21
Let a = -7 + 12. Suppose -a*r = -74 - 16. Suppose -r = -3*u - 3. Let x(j) = j**2 - 6*j + 3. What is x(u)?
-2
Let t(k) = k**2 + 4*k + 3. Suppose -2*s + 3*g + 5 = -0*g, 10 = -2*g. Let h be t(s). Let n be (-76)/(-16) + 2/h. Let z(u) = -u + 4. Give z(n).
-1
Let s(j) = j**3 + j**2 - 7. Let x = -33 + 33. Give s(x).
-7
Let b = -16 + 11. Let h = 8 - 5. Let m(p) = -h*p - 2*p + 2*p + 1 + 4*p. What is m(b)?
-4
Let f(x) = -x**2 - 7*x + 9. Let i(a) = -2*a**2 - 13*a + 17. Let v(g) = -5*f(g) + 3*i(g). Calculate v(-5).
1
Let z be -3*(-3)/(-6)*-2. Let d(w) = 2*w**z - 6*w**2 + 7 - 4*w - 3*w**3 + 3*w - 2*w. Calculate d(-5).
-3
Let z(q) = 4*q**2. Let c be ((-6)/12)/(2/4). Let x(n) = -n**2 + 1. Let y(j) = c*z(j) - 5*x(j). Let v be y(0). Let g(d) = -d**2 - 7*d + 1. Determine g(v).
11
Let j be 8/(-144)*(-3)/20. Let s(q) be the third derivative of 1/3*q**3 + 1/20*q**5 + 0*q + j*q**6 - 1/8*q**4 + 0 + q**2. Give s(-4).
-2
Suppose g - 4*g = 0. Let k(h) = -4*h + h**2 - h + 3 + g*h. Calculate k(4).
-1
Suppose -3 = -2*v + v. Let d(c) = 2 - 3*c**2 + c**2 - 4*c - c**3 + v*c + 5*c**2. Calculate d(3).
-1
Let t(x) = 2*x**2 + x**2 - x**2 - 7*x**2. Calculate t(-1).
-5
Let h(j) = j**2 + j - 2. Let g(m) = m + 2. Let a be ((-3)/6)/(1/8). Let i be g(a). Give h(i).
0
Let q be (-11)/(-13) - 6/(-39). Let w(s) = s - 4*s + 2*s + q. Suppose u + 1 = -4*p, 3*u + p = -3*p - 11. Give w(u).
6
Let s(x) be the third derivative of x**4/24 - 5*x**3/6 + 2*x**2. Let 